ulate the highest common divisor of a and 2.
2
Suppose 4*z - 2*n - 11 = -5, -2*n = 6. Let w be 9 - (2 - (0 + 1)). Suppose -5*g + w - 3 = z. Calculate the greatest common divisor of 11 and g.
1
Suppose 0 = -v - v + 6. Suppose v*x = 8*x. Suppose 4*f - 117 - 103 = x. What is the greatest common divisor of f and 5?
5
Suppose -3*c + 43 = 2*c - j, 20 = c - 4*j. Calculate the highest common divisor of c and 56.
8
Let s(w) be the second derivative of -w**5/20 + 3*w**4/4 + w**3/2 - 11*w**2/2 - 3*w. Let h be s(9). What is the highest common factor of 4 and h?
4
Let b(y) = y**2 - 2*y + 1. Let h be b(2). Let f be (h - 7)/((-9)/60). Suppose -f = 5*n - 160. What is the greatest common divisor of 36 and n?
12
Suppose 0 = -5*j + 6*j - 7. Calculate the greatest common factor of j and 7.
7
Suppose g = -15 + 49. Let q = 33 + 18. Calculate the greatest common divisor of g and q.
17
Let b = 163 + -76. Suppose -3*x + 4*x - 5*j = b, -5*x = -5*j - 375. What is the highest common divisor of 9 and x?
9
Let l = -78 + 85. Let o = -1 + 2. Calculate the highest common factor of o and l.
1
Suppose 2*a - 5*m - 86 = 56, 0 = -5*a + m + 401. Let g = 7 - -2. What is the greatest common factor of g and a?
9
Let j = -91 - -93. Let q be (-1 + 2)*1*2. What is the greatest common divisor of q and j?
2
Let l = 406 + -233. Suppose -4*x + 153 = -0*x + 3*r, 4*x - r = l. What is the highest common factor of x and 6?
6
Let v = 127 - 51. Calculate the greatest common factor of 190 and v.
38
Suppose 0 = y - 11 - 0. What is the highest common divisor of 77 and y?
11
Suppose -5*q + z + 28 = 0, q + 2*z + 11 = 2*q. Suppose 0 = q*b - 3 - 12. Let n = -1 + 7. Calculate the highest common factor of b and n.
3
Suppose 10*c = 9*c + 6. What is the highest common factor of c and 12?
6
Let z(s) be the first derivative of -s**3 + 1/4*s**4 - 3*s + 1 + 2*s**2. Let p be z(3). What is the greatest common divisor of p and 6?
3
Let p be (300/2)/6 - 1. What is the greatest common factor of p and 16?
8
Let j = 2 - 3. Let x be 182 - ((-2)/1)/j. Calculate the highest common factor of 20 and x.
20
Suppose 48 - 12 = 4*b. Let u = b + -2. Let w be (14/(-3))/((-2)/15). Calculate the greatest common divisor of w and u.
7
Let s be 14/(-8)*8*-1. What is the greatest common divisor of s and 28?
14
Let d be (-9 - -1)*(-4)/4. Suppose -6*u + 2*u = -d. Suppose u*s = -127 + 457. Calculate the highest common factor of s and 15.
15
Let l(o) = o**2 - 16*o + 23. Let t be l(15). Calculate the highest common divisor of t and 72.
8
Suppose 4 = 4*a - 8. Let p be (-3 - (a + 21))*-1. Let t be (3/1)/((-4)/(-12)). What is the greatest common factor of p and t?
9
Suppose 51 = 3*f + 12. Calculate the highest common factor of f and 143.
13
Let y(n) = n**3 - 6*n**2 + 2*n + 2. Let s be y(7). Let m(f) = -6*f + 1. Let z be m(-2). Calculate the greatest common factor of z and s.
13
Suppose -3*r - 3*m = -4*r + 377, -1975 = -5*r - 3*m. Suppose 0 = -5*f, 4*f + 0*f = -4*x + r. What is the greatest common factor of 14 and x?
14
Let q(m) = 5*m - 1. Let w be q(7). What is the highest common factor of 17 and w?
17
Let n = -24 - -36. Suppose -12 = 5*m - m, -4*m = 5*g + 537. Let y be 0 - (-4 + g + 1). What is the highest common factor of n and y?
12
Let w = 16 - 8. Calculate the greatest common factor of 40 and w.
8
Let v be (-1 - -2)*(-139 + 2). Let k = -81 - v. What is the greatest common factor of k and 7?
7
Let m be 70/(3/18*3). Suppose -5*b + m = -140. Let u be 1/((-1)/(-8 + 1)). Calculate the greatest common divisor of b and u.
7
Let h(l) = -l. Let z be h(-13). Calculate the highest common factor of 26 and z.
13
Suppose -672 = -12*o - 0*o. What is the highest common divisor of o and 16?
8
Let d be (138/(-9)*3)/((-9)/9). What is the greatest common divisor of 69 and d?
23
Let i be ((-48)/18)/((-2)/21). Calculate the greatest common divisor of i and 14.
14
Suppose 10*l = 6*l + 780. Suppose 4*w + 411 = y - 6*y, y - 521 = 5*w. Let u = l + w. Calculate the highest common divisor of 13 and u.
13
Suppose -j - 3 = -k - 0*k, -3 = -k - 5*j. Suppose 0 = -4*v - 8, -7 = g + k*v - 46. What is the highest common divisor of g and 15?
15
Suppose 5*l = 2*l + 135. What is the highest common divisor of 18 and l?
9
Let d be 96/(-36)*9/(-4). What is the highest common divisor of d and 4?
2
Let m = 150 + -118. What is the highest common divisor of m and 16?
16
Suppose -20 = 5*j, i - 16 = -0*i + 2*j. Let s be 12/i - (-10)/4. Let n(b) = 12*b - 3. Let g be n(s). What is the greatest common factor of 30 and g?
15
Let h = -1 - -3. Suppose -h*a = -7*a - 4*i + 27, -15 = -2*a - 3*i. Suppose a*q - 251 = 157. What is the highest common factor of q and 17?
17
Let s(p) = -p**3 + 17*p**2 + 2*p - 21. Let c be s(17). What is the greatest common divisor of 117 and c?
13
Let x = 7 + 28. Calculate the greatest common factor of x and 7.
7
Let b(s) be the first derivative of s**2 + 5*s + 1. Let n be b(4). What is the highest common divisor of 13 and n?
13
Let x be (2/6)/((-1)/(-39)). Suppose 2*y - 1 = x. Calculate the greatest common factor of 77 and y.
7
Suppose -5*l + 2*o = 3*o + 3, -2*l - 2*o = 6. Let i be l - 20/(-2) - 0. Calculate the highest common factor of i and 80.
10
Let c(v) = -v**2 - 2*v + 2. Let x be c(3). Let d = -80 - x. Let b = 97 + d. What is the greatest common factor of 6 and b?
6
Suppose -2*c = 5*c - 910. Calculate the highest common factor of c and 26.
26
Let m be 7 + (1 - (2 - -3)). Let k be 1/(m/9) + 21. Calculate the greatest common divisor of 72 and k.
24
Suppose 3*m - 3 = 6. Calculate the highest common divisor of 33 and m.
3
Let f = 83 - 39. Let t = -11 + f. Let k(w) = w**2 - 1. Let g be k(-2). What is the highest common factor of g and t?
3
Suppose 0 = -v + 4*m + 21, v + 4*m = 1 - 12. Let g = -41 - -57. Suppose -v*x - a + 168 = -g, 4*x - 140 = a. Calculate the highest common factor of 12 and x.
12
Let p = 27 - 19. What is the highest common factor of p and 72?
8
Suppose -4*j + 6 + 0 = 5*g, 5*j + 7 = g. Let a = 29 + j. Let m = -75 - -145. Calculate the highest common factor of m and a.
14
Let j(c) = -c**3 + 11*c**2 - 11*c + 1. Let y be j(10). Let o = y + 16. Calculate the greatest common factor of 7 and o.
7
Let d be (-2)/(-2) + (-33)/(-3). Let l be (-2)/8 - 9527/4. Let n be l/(-33) - (-4)/(-22). What is the greatest common factor of n and d?
12
Suppose 5*d - 79 = 161. Let o = 19 - 13. What is the highest common divisor of o and d?
6
Let f = 1 - -3. Suppose 2*m - f = -2*m, 0 = z - 4*m - 56. What is the highest common factor of 24 and z?
12
Let a = 53 - 34. Let b(q) = -q**2 + 4*q - 2. Let i be b(3). Let z(t) = 172*t**2 - 1. Let d be z(i). What is the highest common divisor of a and d?
19
Let k be -1 + 0 + (-1 - -8). Suppose 0 = -m + 1, 0 = -4*q - k*m + 2*m + 36. Suppose 13*d = 3*d + 80. What is the highest common factor of q and d?
8
Let g be (4/(-6))/(2/(-78)). Let d = -6 - -10. Let h be ((-65)/d)/((-2)/8). What is the highest common divisor of g and h?
13
Let r = -10 - -21. Suppose 0 = -u + 2*u - r. Calculate the greatest common factor of 11 and u.
11
Let c be (1/(-2))/((-3)/12). What is the greatest common divisor of 14 and c?
2
Suppose -7*q = -3*q - 324. What is the greatest common divisor of 9 and q?
9
Let i = -15 - -141. Let a(v) = v**2 + 17*v + 56. Let t be a(-14). What is the greatest common divisor of t and i?
14
Let d = 72 - 44. Calculate the greatest common divisor of 14 and d.
14
Let n(s) = s**2 + 8*s - 4. Let w be n(-9). Suppose 2*d - 5*d + 3*p = -24, 0 = -4*d - 3*p + 11. What is the greatest common divisor of d and w?
5
Suppose 2*k - d = -2*d, -6 = -k + d. Let h be k*-2*(-1)/2. Calculate the highest common divisor of 16 and h.
2
Suppose -9 = 3*d - 0*d, d = 2*o - 17. Calculate the greatest common factor of o and 49.
7
Suppose 4*f + 0 = 4, -3*f = -t. Let n = 23 - t. Calculate the greatest common factor of 30 and n.
10
Let b be (-2)/4*2*-115. Suppose -5*v + b = -q, 3*q + 46 = 2*v - 2*q. Suppose -4*y = 2*w - 56 - 60, y = w + v. Calculate the highest common divisor of 3 and y.
3
Let h(d) = 5*d**2 - 2*d + 1. Let u be h(2). What is the highest common divisor of u and 68?
17
Let r(z) = -z**2 + 24*z - 23. Let x be r(16). Suppose 5*o = 10*o - x. Calculate the highest common divisor of 7 and o.
7
Let p be (-951)/(-27) + 12/(-54). Calculate the greatest common d